inder when 177 is divided by 93?
84
What is the remainder when 37 is divided by 13?
11
What is the remainder when 588 is divided by 575?
13
Calculate the remainder when 352 is divided by 22.
0
What is the remainder when 302 is divided by 97?
11
What is the remainder when 520 is divided by 51?
10
Calculate the remainder when 434 is divided by 34.
26
What is the remainder when 5220 is divided by 56?
12
What is the remainder when 215 is divided by 195?
20
Calculate the remainder when 629 is divided by 10.
9
Calculate the remainder when 1898 is divided by 45.
8
Calculate the remainder when 81 is divided by 18.
9
What is the remainder when 378 is divided by 19?
17
What is the remainder when 360 is divided by 15?
0
What is the remainder when 344 is divided by 117?
110
Calculate the remainder when 955 is divided by 30.
25
Calculate the remainder when 11024 is divided by 39.
26
What is the remainder when 226 is divided by 37?
4
Calculate the remainder when 215 is divided by 62.
29
Calculate the remainder when 393 is divided by 379.
14
Calculate the remainder when 109 is divided by 43.
23
Calculate the remainder when 118 is divided by 40.
38
Calculate the remainder when 216 is divided by 104.
8
Calculate the remainder when 99 is divided by 47.
5
Calculate the remainder when 201 is divided by 51.
48
What is the remainder when 48 is divided by 31?
17
What is the remainder when 543 is divided by 140?
123
Calculate the remainder when 1698 is divided by 46.
42
Calculate the remainder when 1326 is divided by 35.
31
Calculate the remainder when 582 is divided by 11.
10
What is the remainder when 153 is divided by 1?
0
What is the remainder when 46 is divided by 8?
6
What is the remainder when 137 is divided by 69?
68
What is the remainder when 618 is divided by 24?
18
What is the remainder when 163 is divided by 54?
1
What is the remainder when 346 is divided by 27?
22
Calculate the remainder when 170 is divided by 14.
2
What is the remainder when 23 is divided by 14?
9
What is the remainder when 264 is divided by 92?
80
Calculate the remainder when 389 is divided by 87.
41
Calculate the remainder when 518 is divided by 45.
23
What is the remainder when 295 is divided by 45?
25
Calculate the remainder when 425 is divided by 82.
15
What is the remainder when 766 is divided by 87?
70
Calculate the remainder when 230 is divided by 25.
5
What is the remainder when 195 is divided by 34?
25
Calculate the remainder when 598 is divided by 181.
55
What is the remainder when 1678 is divided by 58?
54
Calculate the remainder when 51 is divided by 5.
1
Calculate the remainder when 89 is divided by 9.
8
Calculate the remainder when 36 is divided by 7.
1
What is the remainder when 1480 is divided by 135?
130
What is the remainder when 23500 is divided by 71?
70
Calculate the remainder when 2145 is divided by 86.
81
Calculate the remainder when 1284 is divided by 413.
45
What is the remainder when 79 is divided by 58?
21
Calculate the remainder when 63 is divided by 53.
10
What is the remainder when 1710 is divided by 16?
14
Calculate the remainder when 84 is divided by 20.
4
Calculate the remainder when 763 is divided by 235.
58
What is the remainder when 3243 is divided by 1079?
6
Calculate the remainder when 28 is divided by 12.
4
Calculate the remainder when 754 is divided by 63.
61
What is the remainder when 24735 is divided by 114?
111
Calculate the remainder when 1236 is divided by 305.
16
Calculate the remainder when 61 is divided by 6.
1
What is the remainder when 722 is divided by 181?
179
What is the remainder when 3136 is divided by 349?
344
What is the remainder when 289 is divided by 11?
3
Calculate the remainder when 399 is divided by 10.
9
Calculate the remainder when 2714 is divided by 15.
14
Calculate the remainder when 5484 is divided by 61.
55
What is the remainder when 249 is divided by 201?
48
What is the remainder when 3648 is divided by 89?
88
What is the remainder when 463 is divided by 32?
15
What is the remainder when 4794 is divided by 13?
10
Calculate the remainder when 696 is divided by 19.
12
What is the remainder when 758 is divided by 11?
10
What is the remainder when 113 is divided by 59?
54
Calculate the remainder when 3163 is divided by 144.
139
Calculate the remainder when 183 is divided by 6.
3
Calculate the remainder when 102 is divided by 26.
24
Calculate the remainder when 13 is divided by 13.
0
What is the remainder when 5591 is divided by 47?
45
What is the remainder when 4 is divided by 3?
1
Calculate the remainder when 3343 is divided by 28.
11
Calculate the remainder when 26 is divided by 26.
0
What is the remainder when 171 is divided by 62?
47
Calculate the remainder when 552 is divided by 70.
62
What is the remainder when 194 is divided by 35?
19
What is the remainder when 505 is divided by 42?
1
Calculate the remainder when 128 is divided by 64.
0
What is the remainder when 128 is divided by 7?
2
What is the remainder when 1926 is divided by 1923?
3
Calculate the remainder when 224 is divided by 124.
100
What is the remainder when 93 is divided by 71?
22
What is the remainder when 78 is divided by 5?
3
Calculate the remainder when 1379 is divided by 153.
2
What is the remainder when 32 is divided by 5?
2
What is the remainder when 628 is divided by 70?
68
Calculate the remainder when 2627 is divided by 55.
42
What is the remainder when 668 is divided by 94?
10
What is the remainder when 506 is divided by 218?
70
Calculate the remainder when 822 is divided by 49.
38
Calculate the remainder when 415 is divided by 110.
85
What is the remainder when 55 is divided by 34?
21
What is the remainder when 1000 is divided by 22?
10
What is the remainder when 1087 is divided by 33?
31
Calculate the remainder when 1019 is divided by 34.
33
What is the remainder when 4042 is divided by 119?
115
What is the remainder when 1141 is divided by 88?
85
What is the remainder when 55 is divided by 24?
7
What is the remainder when 116 is divided by 23?
1
Calculate the remainder when 562 is divided by 11.
1
Calculate the remainder when 289 is divided by 75.
64
What is the remainder when 96 is divided by 20?
16
Calculate the remainder when 247 is divided by 121.
5
What is the remainder when 465 is divided by 233?
232
What is the remainder when 5326 is divided by 111?
109
Calculate the remainder when 3071 is divided by 1013.
32
Calculate the remainder when 102 is divided by 55.
47
Calculate the remainder when 118 is divided by 26.
14
What is the remainder when 1252 is divided by 105?
97
What is the remainder when 72 is divided by 27?
18
Calculate the remainder when 914 is divided by 115.
109
What is the remainder when 3800 is divided by 146?
4
Calculate the remainder when 377 is divided by 173.
31
What is the remainder when 14506 is divided by 117?
115
What is the remainder when 508 is divided by 27?
22
Calculate the remainder when 5199 is divided by 113.
1
Calculate the remainder when 764 is divided by 380.
4
Calculate the remainder when 588 is divided by 25.
13
Calculate the remainder when 71 is divided by 6.
5
What is the remainder when 244 is divided by 70?
34
Calculate the remainder when 215 is divided by 49.
19
What is the remainder when 303 is divided by 223?
80
Calculate the remainder when 36425 is divided by 14.
11
Calculate the remainder when 391 is divided by 44.
39
What is the remainder when 130 is divided by 40?
10
What is the remainder when 52 is divided by 48?
4
Calculate the remainder when 10 is divided by 7.
3
What is the remainder when 164 is divided by 21?
17
What is the remainder when 214 is divided by 31?
28
What is the remainder when 21 is divided by 13?
8
Calculate the remainder when 175 is divided by 169.
6
What is the remainder when 294 is divided by 111?
72
Calculate the remainder when 4574 is divided by 26.
24
Calculate the remainder when 428 is divided by 87.
80
Calculate the remainder when 2180 is divided by 73.
63
Calculate the remainder when 566 is divided by 506.
60
What is the remainder when 929 is divided by 303?
20
Calculate the remainder when 670 is divided by 76.
62
Calculate the remainder when 1120 is divided by 267.
52
What is the remainder when 1038 is divided by 30?
18
What is the remainder when 4859 is d